).
2
Let t(c) = 3*c + 1. Suppose 0 = 7*m - 49 - 21. Let w(d) = d**2 - 11*d + 5. Let p be w(m). Calculate t(p).
-14
Let p(m) = 10*m**2 + 3*m + 3. Let n(i) = -50*i**2 - 16*i - 16. Let s(z) = 3*n(z) + 16*p(z). Suppose -f = 2*f + 3, 3*b - 5*f - 8 = 0. Give s(b).
10
Let g(h) = -1 + 9*h - 4*h - 2*h + 9*h. Calculate g(-1).
-13
Let l be 9/(-4)*(-28)/21. Let t(v) = -2*v**3 + 3*v**2 + v + 4. Give t(l).
-20
Let l(f) = 11*f**2 - 45*f**2 + 6 + 8*f**2 + 11*f**2 + 3*f + 14*f**2. Let y = 4 - -1. What is l(y)?
-4
Let l be 0/((2 - 0) + -3). Let b(h) = -9 + 4 + l*h - h**2 - 4*h. Let d(a) = -4*a**3 - a + 1. Let j be d(1). What is b(j)?
-5
Let b = -11 + 7. Let u be (-8 - b)*2/(-2). Let f = u + -2. Let c(h) = h**2 + 3*h - 3. What is c(f)?
7
Let w(h) = -h**3 - 4*h**2 - 3*h - 4. Let t(d) = -2*d**2 - 4 + 2*d - 9*d + d**2. Let v be (11 - 12)/(2/14). Let a be t(v). Give w(a).
8
Let o(g) = -g + 0*g + 3*g + 6*g. Give o(1).
8
Let z(u) = -9*u + 3. Suppose n - 7 = -12, 3*d - 24 = 3*n. What is z(d)?
-24
Suppose 5*h + l - 4*l = 7, 2*l = 3*h - 4. Suppose 5*m - 12 = h*m. Let b(v) = -v**2 + 4*v + 4. What is b(m)?
4
Suppose 0 = 2*y - 5*q - 19, 5*q = -0*y - 5*y - 40. Let t(s) be the third derivative of s**4/24 - s**3/3 + 2*s**2. Determine t(y).
-5
Let j = 21 - 13. Let a = 11 - j. Let c(z) = z**3 - 2*z**2 - 5*z + 3. Calculate c(a).
-3
Let o(b) = -6*b + 10 + b + 3*b. Let j(s) = 2*s - 9. Let z(v) = 5*j(v) + 4*o(v). Calculate z(4).
3
Suppose v = 5*v, 3*k - 4*v = 0. Let t(b) = b - 3. Let x be t(3). Let s(i) = i + x*i + 5 - 2*i. Give s(k).
5
Let q(l) = -l - 1. Let p = -3 + 0. Let d(z) be the second derivative of z**2/2 - 9*z. Let k(c) = p*d(c) - 3*q(c). What is k(2)?
6
Let n(m) = m - 7. Suppose -2*u + 23 = u + 2*v, 0 = -v + 4. What is n(u)?
-2
Suppose -b = -4*b. Suppose -2*t + 7*t - 2*u - 12 = b, 0 = -3*t + 5*u - 8. Let x(q) be the second derivative of -q**5/20 + q**4/3 - q**3/6 + q. Give x(t).
-4
Let m(k) be the third derivative of -k**4/24 + 2*k**3/3 - 11*k**2. What is m(7)?
-3
Let r(x) = -x**3 + 6*x**2 - x + 5. Let k be r(6). Let h(z) = -6*z**3 + 6*z**2 - 6. Let c(j) = j**3 - j**2 + 1. Let q(f) = 5*c(f) + h(f). What is q(k)?
1
Let a(o) = 2*o + 11. Let c be a(-5). Let x(u) = 14*u**2 - 2*u + 7. Let j(f) = 13*f**2 - 2*f + 6. Let m(d) = -6*j(d) + 5*x(d). Give m(c).
-7
Let m(z) be the third derivative of z**4/24 + 5*z**3/6 - z**2. Let x = 8 - 12. Give m(x).
1
Let o(k) = -k**3 + 6*k**2 + 2*k - 6. Suppose -5*x + 6*s = s - 25, -4*s = 4*x - 28. What is o(x)?
6
Let b(z) = 3 + 4*z**2 - 1 + z - 2*z**2 + 3*z. Let l be b(-2). Let k(v) = v**3 - 4 - 2*v - v**l + v - 2*v**3 - 4*v**2. What is k(-5)?
1
Let a(j) = 3*j - 4*j + 0*j + 1. Let l be -7 + (-4 - (-9 + 1)). Determine a(l).
4
Suppose h - 2 = -2*b - h, -3*b - h - 7 = 0. Let l(d) be the first derivative of 1/2*d**2 - 3 + 3*d. What is l(b)?
-1
Let h(f) = -30*f. Let r(y) = -y. Let d(k) = 2*h(k) - 66*r(k). Let x be (-2 + (3 - 2))*-1. Give d(x).
6
Suppose 2*v + 3*v = 0. Let k(n) = -2*n - 8. Let u be k(-5). Let p(s) = s**3 + s - s**2 - 2*s**2 + 4*s**u - 8. Give p(v).
-8
Let j be (-4 - (1 + -2))/(5/(-10)). Let o(l) = l + 2. Calculate o(j).
8
Let t(z) = -6. Let y(b) = b + 6. Let w(k) = -2*t(k) - 3*y(k). Let x(d) = d**3 - 8*d**2 - 8*d - 13. Let a be x(9). Calculate w(a).
6
Let r(p) be the third derivative of p**7/1260 - p**6/240 + p**4/12 - 3*p**2. Let w(j) be the second derivative of r(j). Calculate w(2).
2
Let x(k) = -8*k**2 + 5*k. Let b(t) = -7*t**2 + 5*t + 1. Let n(l) = l**2 + 11*l - 6. Let r be n(-12). Let g(d) = r*x(d) - 7*b(d). Calculate g(5).
-7
Suppose -15 = -2*v - 3*t + 3, -2*v + 10 = -t. Let w(y) be the third derivative of y**6/120 - y**5/10 - y**3/6 - 4*y**2 - 4. What is w(v)?
-1
Let s be -8 + 10 + (0 - 1). Let i(t) = t - 2. Give i(s).
-1
Let b(q) = -q**3 + 5*q**2 + 7*q - 4. Let t be 2*2 - (-7 - -7). Let m be -1 + (t - 9/(-3)). Give b(m).
2
Let l(g) be the second derivative of g**6/180 - g**5/120 - g**3/3 + 3*g. Let h(q) be the second derivative of l(q). What is h(2)?
6
Let z(v) = -v**2 - 7*v + 10. Let f(h) = h - 2. Let g(l) = 3*f(l) + z(l). Calculate g(-4).
4
Let r be 4/(-2) + -4 + 2. Let l(s) be the third derivative of -1/6*s**3 - 1/12*s**4 + 0 + 0*s + s**2. Calculate l(r).
7
Let v(u) = -5*u**3 + 5*u**3 + u**3 + 2 - u**2 - u. Let y be (12/(-3))/(-1*2). Suppose 0 = y*g - 0*g. Calculate v(g).
2
Let g(m) be the second derivative of -m**5/20 + 7*m**4/12 - 5*m**3/6 + 4*m**2 - 10*m. What is g(6)?
14
Let j(t) = -t. Suppose -f = 2 - 5. Suppose -6 = i - f*i. What is j(i)?
-3
Let x(c) be the third derivative of -c**5/60 - 2*c**3/3 + 16*c**2. Determine x(0).
-4
Let s(w) = -w - 1. Let x = -9 - -11. Let l = 1 + 2. Let v = l - x. Give s(v).
-2
Let v(i) = i**3 + i**2 + 3. Suppose -6*p + 3*p = 0. Calculate v(p).
3
Let o be 1 - (1 + -5 - -2). Let p(l) = l**3 - 3*l**2 + 5*l - 4. Give p(o).
11
Let p(k) be the third derivative of k**6/120 + 7*k**5/60 + k**4/4 + 4*k**2. Let g be p(-6). Let j(t) = -t**2 + 3. Determine j(g).
3
Let o(z) be the first derivative of z**2 + 4*z + 159. Let v = 4 - 7. What is o(v)?
-2
Let s(x) = 4*x + 7. Let d(w) = 5 + 3 + 4*w + w. Let o(y) = -3*d(y) + 4*s(y). Let f be (2 + 3)/(-1)*(-16)/(-20). Determine o(f).
0
Let k = 36 + -61. Let l = -26 - k. Let t(i) = 4*i**3 + i + 1. Calculate t(l).
-4
Let d(y) = 2*y + 1. Suppose -2*k + 2 = -4*k + 3*a, -5*k = -2*a + 5. Let t be -5 + 2 + k + 1. Calculate d(t).
-5
Let g be -1*(-3 - (-2 - 0)) + 5. Let b(z) = z**2 - 7*z + 6. What is b(g)?
0
Let k(v) be the first derivative of -v - 1. Let z(j) be the third derivative of -5*j**4/24 + 7*j**3/6 + j**2. Let q(y) = -6*k(y) - z(y). Determine q(1).
4
Let u(r) = -8*r**2 - 1 - 6*r**2 - r + 15*r**2. Determine u(0).
-1
Let h(w) = 2*w. Suppose -j - 36 = -5*j. Let q = -6 + j. Determine h(q).
6
Let v = 12 - 20. Let s(m) = -2*m - 8. Calculate s(v).
8
Let y(b) be the first derivative of 0*b + b + 5 - 4 - 2*b**2 + 0*b**2. What is y(1)?
-3
Let u(o) be the first derivative of 3/2*o**2 - 2*o - 1. Calculate u(4).
10
Let r(k) = 3 - 5 + k + 5. Let q be r(2). Let x(w) = -w**3 + 5*w**2 - 2*w + 4. What is x(q)?
-6
Let k(u) = -u - u**2 + 6 + 5*u - 2. Let b(y) be the first derivative of 3*y**2/2 + 6. Let m be b(1). What is k(m)?
7
Let k = -5 - -9. Let x(l) = -3*l + l - l**3 + k*l. Determine x(2).
-4
Let k = -51 - -46. Let y(p) = p**3 + 6*p**2 + 7*p + 6. Give y(k).
-4
Let b(y) be the third derivative of -1/10*y**5 + 1/120*y**6 + 0 + 5/6*y**3 + 0*y + 4*y**2 + 1/6*y**4. Calculate b(5).
0
Let h(z) = 4*z**3 - 4*z**2 - 3*z + 3. Let x(l) = 9*l**3 - 9*l**2 - 7*l + 7. Let y(j) = 5*h(j) - 2*x(j). Let t = 2 + 0. Give y(t).
7
Suppose 3*m - 3 = 2*m. Suppose 0*b - 50 = -5*c - 5*b, 5*c - 5*b = 0. Let o(k) = 2*k**2 + 3 - 1 - c*k - k**2. What is o(m)?
-4
Let v be 8/6*3*1. Suppose 3*z - 2 = v. Suppose z*m = 5*m - 6, -3*y = 4*m - 11. Let n(j) = 5*j**2 - 2*j + 1. What is n(y)?
4
Let u(k) = k**3 + 5*k**2 - 6*k. Suppose 3*f - 12 = -30. Calculate u(f).
0
Let x = 9 - 9. Let j(p) = -p**3 - p**2 + p + 4. What is j(x)?
4
Let x(m) = m**3 + m**2 + m - 5. Let q(c) = -3*c**3 - 3*c**2 - 3*c + 16. Let a(s) = -2*q(s) - 7*x(s). Determine a(0).
3
Let b(u) = u**3 + 5*u**2 - 8*u - 5. Suppose 2*j = x - 3*j + 1, -29 = 4*x + 5*j. Determine b(x).
7
Let o(x) = -6*x**2 + 20*x - 19*x + 2*x**2 + 0 - 1. Suppose 3*t = -15, -4*d = -3*d + 4*t + 19. Give o(d).
-4
Let t(m) = 20 + 4*m - 5*m - 10 - 13. Give t(7).
-10
Let i(m) = 2*m**3 + m**2 - 4*m - 3. Let n = -10 - -9. Let u be (-2)/1 - (n + 1). Calculate i(u).
-7
Let m(y) = -7*y - 3. Suppose -2*q - 4*d + 3*d + 7 = 0, 5*q - 2*d - 13 = 0. Suppose 3*h + 3 = -4*p - 7, -2*h - 1 = -q*p. Calculate m(h).
11
Suppose 0*m - 2*m + 6 = 0. Let l(i) = 5*i + 1 - i**2 - m + 0*i**2. Suppose -5 = 3*p - 4*p. Give l(p).
-2
Let v(i) = -i**2 - i + 4. Let a = 19 + -17. Suppose 5*f - x + 5*x = 1, 2*f + 14 = a*x. Calculate v(f).
-2
Let s(a) = 0*a + 0*a + 3*a - 1 + a**2 - 4*a. What is s(-1)?
1
Let t(p) = p**3 - 6*p**2 + 5*p + 1. Suppose -29 + 9 = -4*w. Give t(w).
1
Let t(v) be the third derivative of -v**5/60 + 5*v**4/24 - v**3/6 + v**2. Calculate t(4).
3
Let w(d) = -4*d**2 - 7. Suppose 6*v - 1 = 5*v. Let p(z) = -z**2 - 1. Let g(k) = v*w(k) - 5*p(k). Determine g(3).
7
Let a(m) be the second derivative of m**4/12 + 5*m**3/3 - 3*m**2/2 + 2*m. Determine a(-10).
-3
Let f be 3/(-15) + (-46)/(-5) + -1. Let w(g)